e -4*s = w*m - 11 - 4, 2*s - 2*m = 12. What is the units digit of s?
5
Suppose -4*d = 270 - 2930. What is the tens digit of d?
6
Let j = -41 - -17. Let w = -14 - j. What is the tens digit of (-15)/3*(-48)/w?
2
Let b(i) = -i**3 - 28*i**2 + 27*i + 86. What is the units digit of b(-31)?
2
Let j = -340 - -486. What is the tens digit of j?
4
Let z(h) = -2*h + 82*h**2 + 3 - 2 - 2 + 2. What is the units digit of z(1)?
1
Let p(n) = 74*n - 153. What is the thousands digit of p(18)?
1
Suppose 2*q - 39 = -5*u, -q - 1 = -2*u + 2. Suppose 0*p = p - q. Suppose p + 23 = 3*s. What is the units digit of s?
0
Let a(b) = 509*b - 371. What is the tens digit of a(3)?
5
Let o(n) = 0*n - 5*n - 44 + 8 - n. What is the units digit of o(-23)?
2
Suppose -19*g - 46314 = -50*g. What is the units digit of g?
4
Let l(c) = c**3 - c. Let d be l(-1). Suppose d = -u - u + 4. Let i(g) = 2*g**2 - g - 2. What is the units digit of i(u)?
4
Let g be ((-438)/4)/((-11)/(-22)). Suppose 4*b + 24 = -0*b. What is the units digit of b/10 - g/15?
4
Suppose 0 = -2*c + 4 + 14. Let h(g) = -18*g**2 + 5*g + 4*g**2 - 4 + c*g**2 + g**3. What is the units digit of h(5)?
1
Let w(i) = 256*i - 176. What is the tens digit of w(7)?
1
What is the hundreds digit of ((-1772)/(-4))/(7/21)?
3
Let a(c) = -c**2 - 10*c - 16. Let j be a(-7). Let p(v) = v**3 - 2*v**2 + 2*v + 1. What is the units digit of p(j)?
6
Let v(z) = 243*z + 205. What is the units digit of v(6)?
3
Let q(d) = -18*d - 24*d**3 + 14*d + 3*d**3 - 3. What is the tens digit of q(-1)?
2
Let p(c) = -2*c - 5*c + 33*c. Let d be p(1). Suppose 10 = -4*r + d. What is the units digit of r?
4
Let v = -296 - -460. What is the tens digit of v?
6
Let o(j) = -58*j + 2. Suppose 2*i - i + 1 = 0. What is the units digit of o(i)?
0
Let p(s) = -s**3 - s**2 + s + 64. Let y(n) = -2*n. Let r be y(-13). Let u = r - 26. What is the tens digit of p(u)?
6
Let b = -802 + 1244. What is the hundreds digit of b?
4
Let n(q) = -q**3 + 16*q**2 - 16*q - 15. What is the units digit of n(14)?
3
Let r be 4/(-10) + (-134)/(-10) + -5. Suppose r*y + 225 = 11*y. What is the tens digit of y?
7
What is the thousands digit of (-12)/(-18)*-6*-251?
1
Let n(d) = d**3 - d**2 + d + 2. Let p be n(-2). Let j be (-16)/5*(-95)/2. What is the tens digit of (j/p)/(4/(-6))?
1
Let k(x) = -158*x - 83. What is the tens digit of k(-10)?
9
Let a(t) = 3 - 4935*t + 1 + 4936*t. Let x be (-4)/14 - 72/(-7). What is the units digit of a(x)?
4
Let u = 1290 + 646. What is the units digit of u?
6
Let m be 6/2 - (-9)/(-3). Suppose m = 3*k - 4*j - 2, k - 6 = -5*j + j. Suppose 0 = k*d - 0 - 2. What is the units digit of d?
1
Let a(l) = 5*l**2 + l + 18 + 2*l - 4*l**2 + 8. What is the hundreds digit of a(-13)?
1
Let f(t) = -t**3 + t**2 + 11*t + 25. What is the tens digit of f(-4)?
6
Suppose 7*w - 22 = 293. Let t = w + -10. What is the units digit of t?
5
Suppose 2 = -0*x + x + 2*z, -6 = -3*x - 2*z. Suppose 0 = -l - 3*l + 56. Suppose -42 = -5*h + 3*q - 7, x*h = -4*q + l. What is the units digit of h?
7
Suppose -10257 = -12*i + 231. What is the hundreds digit of i?
8
Let l = -4 - -6. Let q(a) = -a**3 - a + 1. Let f be q(l). Let z = 24 + f. What is the units digit of z?
5
Let i(s) be the second derivative of s**4/12 - s**3/6 - s**2 - 5*s. What is the units digit of i(7)?
0
Let i(n) = -428*n**3 - n - 1. What is the tens digit of i(-1)?
2
Let g(j) be the third derivative of j**6/80 - j**5/40 + j**4/4 - 2*j**2. Let a(v) be the second derivative of g(v). What is the tens digit of a(3)?
2
Suppose 0 = c + c + 24. Let o be (4/5)/(c/(-2310)). Suppose -o = -5*z - 3*v, z - 5*z = -3*v - 107. What is the tens digit of z?
2
Let y(j) = -j**3 + 17*j**2 - 3*j + 276. What is the hundreds digit of y(15)?
6
Suppose 0 = -5*h - d + 18340 + 1053, -4*d = -3*h + 11645. What is the tens digit of h?
7
Let c = 45 + 3. Let t = -27 + c. Let r = t - 12. What is the units digit of r?
9
Let q = -685 - -1487. What is the tens digit of q?
0
Let i be ((-6)/(-7))/3 + 1986/7. Suppose 2*f + 2*l = -2*f + 284, -4*l - i = -4*f. What is the tens digit of f?
7
Suppose 24*k = 40*k - 5616. What is the units digit of k?
1
Suppose l + 3 = q + 16, -9 = -3*q. Let d(r) = -r**2 + 5*r - 1. Let t be d(4). Suppose -l = -t*a - 1. What is the units digit of a?
5
Let v(h) be the first derivative of -5/2*h**2 + 1 - 9*h. What is the units digit of v(-4)?
1
Suppose -p = 1, -5*z - 3*p = -0*p - 2. Let m be -4 + 2 + 0 + -1. What is the units digit of z/(m/3) - -10?
9
Let q = -2229 + 2794. What is the tens digit of q?
6
Let o = 82 + -300. What is the hundreds digit of o/(-2) + (-6)/3?
1
Let m = -1301 - -1491. What is the tens digit of m?
9
Let c(s) = s**3 - 5*s**2 + 2*s - 7. Let h be c(5). Suppose -1386 = -h*j - 3*j. Let u = -163 + j. What is the units digit of u?
8
Let h be (-6 - 1)/(1 + 0). Let v = h - -18. Suppose 4 = 3*j - v. What is the units digit of j?
5
Let b = 9 + -5. Suppose 0*m = 3*m + 2*h - 123, -b*m + 168 = 4*h. What is the units digit of m?
9
Suppose -2*y - 16*y = -162. Suppose -u - 2*c = -201, -3*c = y*u - 6*u - 612. What is the hundreds digit of u?
2
Let n be (-2 - 5)/((-2)/(-6)). Let k = 28 + n. Let h = -6 + k. What is the units digit of h?
1
What is the units digit of (((-91215)/(-6))/5)/(141/94)?
7
Suppose -350 = -54*b + 254530. What is the thousands digit of b?
4
Suppose 0*c = 3*c + 15. Let r(n) = -n**2 - 4*n + 5. Let t be r(c). Let f = 25 - t. What is the units digit of f?
5
Suppose -8*z + 7*z - 2*d + 906 = 0, -3*d = -4*z + 3569. What is the tens digit of z?
9
Let m(z) = z**3 + 45*z**2 - 17*z + 26. What is the units digit of m(-45)?
1
Suppose 4*t = -6 - 10. Let d = -10 - t. Let k = d + 16. What is the units digit of k?
0
Suppose 4*h - 146 + 14 = 0. Suppose 4*w - 29 + 1 = 0. Suppose -2*c + h = w. What is the tens digit of c?
1
Let d(g) be the first derivative of g**4/4 - 4*g**3 + 13*g**2/2 - 16*g + 12. Let x be d(11). What is the units digit of (95 - 1)*3/x?
7
Let n be 34/(-4) + 6/(-12). Let k be (-16)/(-6)*n/(-6). Suppose 5*i - 4*d = 108, -4*d + 8 = -k. What is the tens digit of i?
2
Suppose -h + 45 = 4*h. Suppose -h*p = -3*p + 90. What is the tens digit of 6/p - 174/(-10)?
1
Let b be (-4)/10 + 51/15. Suppose -4*m + 3*o + 157 = 0, -5*m + 164 + 33 = -b*o. Suppose -6*a + m = -2*a. What is the tens digit of a?
1
Suppose q = -3*w - 2 + 4, -w + 2 = -q. Let p(g) = 18*g**3 - 2*g**2 - 3*g - 2. Let d(l) = l + 1. Let z(i) = q*d(i) - p(i). What is the units digit of z(-1)?
9
Let o(n) = -29*n + 391. What is the units digit of o(5)?
6
Let o be 2/(-8) - (-51)/12. Suppose 0*z + z + o = 0. What is the units digit of 14 - (-2 - z - 0)?
2
Let a(m) = -m**2 + 5*m + 10. Suppose 4*p - 18 - 10 = 4*r, 2*p + 3*r = 24. Let h be a(p). Let c = 46 + h. What is the units digit of c?
0
Suppose 7*u - 44 + 9 = 0. Let j(m) = 17*m**3 + m**2. Let x be j(2). Suppose r + t = 22, -22 = u*r + t - x. What is the units digit of r?
4
Let y(d) = 56*d**2 + 11*d + 7. What is the tens digit of y(-4)?
5
Let n be (11 + -1)/(-2) - -10. Suppose 4*g + 172 = s - 0*g, s = -2*g + 184. Suppose 7*c - 2*c = -2*w + s, -n*c + 170 = 4*w. What is the units digit of c?
8
Suppose -48*m + 21411 = -14061. What is the units digit of m?
9
Let b(a) = 4*a**3 - 21. Let c(p) = p**3 - 5. Let t(d) = 2*b(d) - 9*c(d). Let j be t(0). What is the units digit of ((-9)/j)/(-1)*5?
5
Let q(h) = h + 1. Let c(j) = -4*j**2 + 4*j + 3. Let f(u) = -2*c(u) + 6*q(u). What is the tens digit of f(-5)?
1
What is the thousands digit of 4*((-8440)/(-16) - 5)?
2
Suppose 11*f = 7*f + 304. Suppose f = -3*o + 397. What is the units digit of o?
7
What is the units digit of 2/(36/(-27)*(-3)/978)?
9
Let s(x) = -98*x + 33. Let h(l) = 49*l - 17. Let m(i) = 7*h(i) + 4*s(i). What is the units digit of m(-3)?
0
Suppose 0 = -3*h - 2*h - 85. Let d = h - -22. Suppose 2*n - 57 = -d*o, 5*o + 4*n + 5 = 64. What is the units digit of o?
1
Let x(q) = 9*q**2 + 22*q + 4. Let z be x(7). Suppose -782 = -4*m + g, -3*m - 3*g + z - 20 = 0. What is the tens digit of m?
9
Suppose 19*n = 25623 + 29040. What is the hundreds digit of n?
8
What is the tens digit of (3/2)/3*120?
6
Let n be (-1348)/(-15) - 10/(-75). Suppose 3*k = -l + 54, -l = -5*k + l + n. What is the units digit of k?
8
Suppose -2*o = 2*r - 24, -4*o = -3*o - 5*r - 6. Let f = o + 6. Let i = f - -18. What is the tens dig